Let m = a - -101. Calculate the greatest common factor of m and f.
27
Let k = -78 - -78. Suppose 0 = -m + q - 2*q + 4, k = 4*m + 5*q - 14. Let y be m/(-8) + ((-3465)/20)/(-11). What is the greatest common factor of y and 135?
15
Suppose -91*h = -116991 - 435834. What is the highest common factor of 75 and h?
75
Suppose -512 = -18*y + 14*y. Suppose 10*n - y = -6*n. Let r be 30/8 - 2/(-8). What is the highest common divisor of n and r?
4
Let z = 63 - 60. Suppose -5*v = -z*g + 50, 4*g - 3*v - 61 = -2*v. Suppose 29 = 2*u + g. Calculate the highest common divisor of u and 21.
7
Suppose -3*g + 678*r + 336 = 675*r, 0 = -3*g - 5*r + 400. Let t = 189 + 3. Calculate the highest common divisor of g and t.
24
Let p(t) = -27*t - 25. Let q(d) = -18*d - 16. Let v(m) = -5*p(m) + 8*q(m). Let i be v(-1). What is the highest common divisor of 156 and i?
6
Suppose -105*r + 108*r - 882 = -3*y, -2*y = -3*r + 852. What is the highest common factor of 768 and r?
96
Suppose -4*b = -u + 685, -3*u + 3*b + b = -2071. Suppose -j = 5*h - 78, 21*j - 24*j + 2*h = -183. What is the greatest common divisor of u and j?
63
Suppose -4*v - 23 = -103. Let w = 1611 + -2255. Let u = 804 + w. What is the greatest common factor of u and v?
20
Suppose 9*l + 50 = 50. Suppose -y + 4*m + 12 = l, -14*y - 14 = -15*y + 2*m. Calculate the greatest common factor of y and 128.
16
Let g = -2866 - -12785. Calculate the highest common divisor of 91 and g.
91
Suppose 9*o - 4*o = 0. Let v(f) = -21*f + 278. Let r be v(13). Suppose -r*h + o = -90. What is the highest common factor of h and 72?
18
Suppose -2*w + 337 = 3*n - 228, 10 = 5*w. What is the greatest common divisor of 253 and n?
11
Let y = 2851 + -2845. Calculate the highest common divisor of 219 and y.
3
Let m(f) = -16*f**2 + 8*f + 2. Let v(j) = -17*j**2 + 6*j + 2. Let t(o) = 2*m(o) - 3*v(o). Let s be t(2). What is the highest common divisor of 7 and s?
7
Suppose -2*f - 2*o + 1443 = -5*o, -5*o - 2165 = -3*f. What is the highest common divisor of 560 and f?
80
Suppose 0 = -0*b - 2*b + 168. Let z = -1263 - -1284. Calculate the highest common divisor of b and z.
21
Let k(a) = 196*a**2 - 8*a - 9. Let l be k(-1). Calculate the highest common factor of 600 and l.
15
Suppose 0 = 5*a - 2*h - 5, 0 = -2*a - h + 5*h - 14. Suppose -j = g - 86, 0 = -2*j + a*g + 181 - 4. Calculate the highest common divisor of j and 3.
3
Let x = -7166 - -7382. What is the highest common divisor of 124 and x?
4
Let i = 24 + -130. Let w = i + 69. Let t = 45 + w. Calculate the highest common factor of 88 and t.
8
Let t = 349 + -11. Let c = -6866 - -6892. What is the greatest common factor of c and t?
26
Let t(q) = 6*q - 12. Let o be t(2). Let m(c) = 24*c**2 + 5*c - 4. Let r be m(-4). Suppose o = 5*d - 7*d + r. What is the greatest common factor of d and 36?
36
Let o = -7979 + 8278. Calculate the highest common divisor of 832 and o.
13
Let a be (24/(-10))/((-1)/5). Suppose 0 = -3*j + 4*j - 9*o - 14, -4*j + 5*o = -87. Suppose 33*k = j*k + 90. Calculate the highest common factor of a and k.
3
Let f(x) = 52*x**3 - x**2 - 3*x - 1. Let c be f(2). Suppose 20*b = -25*b + c. Calculate the highest common factor of 6 and b.
3
Let n be (56385/(-36))/(-7) + 1/4. Let o = n - -112. What is the highest common factor of o and 48?
48
Suppose 0 = -20*r + 19*r - t + 245, 2*r - 5*t = 455. What is the greatest common divisor of 520 and r?
40
Let v be 1/((-14)/492)*-7. Let l = 408 - v. Let h = -46 + l. Calculate the greatest common factor of h and 29.
29
Suppose -3*z + 532 = -293. Let k = 308 - 258. Suppose -2*v = 2*c - k, -5*c = -3*v + 25 + 50. What is the highest common factor of z and v?
25
Let j(y) = 2*y**2 - 12*y - 26. Let l be j(-8). Let g = l - 176. Calculate the highest common divisor of 33 and g.
11
Suppose -i + 60 = 2*o, -5*o + 3*i - 40 + 201 = 0. Let w(y) = -108*y - 2. Let m be w(-2). Let r = m - 59. What is the highest common factor of r and o?
31
Let a = 350 - -839. What is the greatest common factor of 29 and a?
29
Suppose 15*v - 14*v + 17 = 0. Let w = v + 17. Let b be (-15)/(-10)*4 - w. Calculate the highest common divisor of 24 and b.
6
Let f = 4408 - 4309. Calculate the highest common divisor of 270 and f.
9
Let t = 15160 - 6676. Calculate the highest common divisor of 168 and t.
84
Let q(p) = -p**3 + 5*p**2 + 4*p - 373. Let n be q(-9). What is the highest common factor of 261 and n?
29
Suppose 3*b - 22 = 23. Suppose b + 29 = i. Let o(n) = -3*n**2 + 27*n + 34. Let g be o(10). What is the greatest common factor of g and i?
4
Let s be 1/3 - (635/15 - -7). Let u be (s/(-35))/((-1)/(-10)). What is the highest common factor of u and 112?
14
Suppose 3*o - k - 8 = -o, 10 = 5*o - 2*k. Let w be 5922/12 - o/(-4). What is the highest common factor of w and 26?
26
Let z = -87 - -133. Suppose -54*p + z*p = -216. What is the highest common factor of 153 and p?
9
Let v = 29697 + -9528. Calculate the highest common divisor of 83 and v.
83
Let q(c) = 62*c**2 + c - 3. Let k be q(1). Let w = 278 - 173. What is the greatest common divisor of k and w?
15
Let z = 33 - -86. Suppose -q - m + 30 = 0, -2*m - 28 = -4*q + 62. Suppose -q = j - 42. What is the highest common factor of z and j?
17
Suppose 27*c = 29*c - 5*g - 7255, 2*g - 2 = 0. What is the highest common divisor of 1650 and c?
330
Let f be (5/20 + -1)*-4. Suppose -3*i = -3 - f. Suppose d - 7 = j + 11, 0 = -i*d - j + 39. Calculate the greatest common divisor of 133 and d.
19
Let m be 702/78*(218/3 - -1). Let d = m - 641. What is the greatest common divisor of 594 and d?
22
Let c = 107 + -104. Suppose -4*k + 4*w = -1032, 2*k + 0*w - 491 = -c*w. What is the greatest common factor of 11 and k?
11
Let z(j) = -2096*j - 1148. Let g be z(-3). What is the greatest common factor of g and 20?
20
Let w(v) = -v**3 + 7*v**2 + 10*v + 6. Let o be w(7). Let h = o - 38. Let x = -27 + h. What is the greatest common divisor of x and 44?
11
Let t(q) = -3*q**3 + 41*q**2 + 86*q - 14. Let i be t(10). What is the greatest common factor of 14 and i?
14
Let y be 56650/66 + (-4)/12. Calculate the greatest common divisor of 13 and y.
13
Let o(g) = -g**3 + 35*g**2 - 4*g - 807. Let r be o(34). What is the greatest common divisor of r and 69?
3
Let k be (1 - 2)/(236720/12460 - 19). What is the highest common divisor of 119 and k?
7
Let t = -852 - -2537. Calculate the greatest common divisor of t and 10.
5
Suppose 873 - 6498 = 4*y - 29*y. Calculate the greatest common factor of y and 50.
25
Suppose 0 = 3*l - 6*l + 36. Let q = -12113 + 12125. Calculate the greatest common factor of q and l.
12
Let q(y) = -4*y + 46. Suppose -3*w + 3*v - 10 = -7*w, -5*w + 3*v + 26 = 0. Let c be q(w). What is the greatest common factor of 195 and c?
15
Let p(k) = 23*k**2 + k**3 + 8 + 2*k - 18 - 17*k**2. Let c be p(-4). What is the highest common factor of 574 and c?
14
Suppose 0 = 13*q - 7041 + 2621. Let v(l) = 3*l**2 + l - 4. Let s be v(-3). Calculate the highest common factor of s and q.
20
Let k(o) = 100*o - 9. Let p be k(1). Let d(g) = -5*g**3 + 2*g**2 + 2*g - 1. Let a be d(-2). Suppose 4 = -3*s + a. What is the highest common factor of s and p?
13
Let u(h) = -h**3 - 13*h**2 + 20*h + 19. Let f be u(-13). Let r = -229 - f. What is the greatest common factor of 9 and r?
3
Suppose 4*c = -4*b + 132, -3*c - 4*b + 224 - 131 = 0. Calculate the highest common divisor of c and 481.
13
Let w be 8233/15 - -1 - (-458)/3435. What is the highest common factor of w and 125?
25
Let c = 11292 - 988. What is the highest common factor of 56 and c?
56
Suppose 4*f = -2*x - 634, -f = -0*f + 4*x + 162. Let l = f + 90. Let q = 106 + l. Calculate the greatest common factor of q and 95.
19
Let w = 43217 + -42111. What is the highest common divisor of 5056 and w?
158
Suppose 3*a = -3*o + 117, 3*a - 83 = -11*o + 9*o. Let k = 29 - 33. Let n be 186/12 + (-6)/k. What is the highest common factor of n and o?
17
Let f = -2094 + 2157. What is the greatest common factor of f and 2688?
21
Let w(n) = -2*n + 10. Let k be w(-7). Let h(l) = -15*l**2 - 141*l - 18. Let s be h(-9). Calculate the greatest common divisor of k and s.
12
Suppose -129*v = -42*v + 214*v - 5118204. Calculate the highest common factor of 12 and v.
12
Suppose 0 = 11*w - 10*w + 91. Suppose l = 4*s - 702, s - 120 - 54 = l. Let u = s + w. Calculate the highest c